{"id":2,"date":"2020-03-27T14:10:19","date_gmt":"2020-03-27T13:10:19","guid":{"rendered":"http:\/\/slonecznybrzeggaski.pl\/?page_id=2"},"modified":"2025-07-24T19:23:40","modified_gmt":"2025-07-24T17:23:40","slug":"page-d-exemple","status":"publish","type":"page","link":"https:\/\/slonecznybrzeggaski.pl\/","title":{"rendered":"Start"},"content":{"rendered":"\n<figure class=\"wp-block-image alignwide size-full\"><img loading=\"lazy\" decoding=\"async\" width=\"1123\" height=\"416\" src=\"https:\/\/slonecznybrzeggaski.pl\/wp-content\/uploads\/2020\/03\/rysunek-ikony-s\u0139\u201aoneczny.png\" alt=\"\" class=\"wp-image-93\" srcset=\"https:\/\/slonecznybrzeggaski.pl\/wp-content\/uploads\/2020\/03\/rysunek-ikony-s\u0139\u201aoneczny.png 1123w, https:\/\/slonecznybrzeggaski.pl\/wp-content\/uploads\/2020\/03\/rysunek-ikony-s\u0139\u201aoneczny-300x111.png 300w, https:\/\/slonecznybrzeggaski.pl\/wp-content\/uploads\/2020\/03\/rysunek-ikony-s\u0139\u201aoneczny-1024x379.png 1024w, https:\/\/slonecznybrzeggaski.pl\/wp-content\/uploads\/2020\/03\/rysunek-ikony-s\u0139\u201aoneczny-768x284.png 768w\" sizes=\"auto, (max-width: 1123px) 100vw, 1123px\" \/><\/figure>\n\n\n\n<h2 class=\"wp-block-heading has-text-align-center\">Poznaj nas!<\/h2>\n\n\n\n<hr class=\"wp-block-separator has-text-color has-css-opacity has-background\" style=\"background-color:#060ba3;color:#060ba3\"\/>\n\n\n\n<div style=\"height:22px\" aria-hidden=\"true\" class=\"wp-block-spacer\"><\/div>\n\n\n\n<p class=\"has-text-align-center\">Nasze domki zlokalizowane s\u0105 w G\u0105skach &#8211; uroczej miejscowo\u015bci pomi\u0119dzy Mielnem a Ko\u0142obrzegiem. Dysponujemy dwoma w pe\u0142ni wyposa\u017conymi domkami. Ka\u017cdy z nich posiada aneks kuchenny, lod\u00f3wk\u0119, telewizor oraz \u0142azienk\u0119. W ogrodzie mo\u017cna swobodnie korzysta\u0107 z zestawu do grilla czy hu\u015btawki. Du\u017cy zielony ogr\u00f3d pozwala na aktywne sp\u0119dzanie czasu takie jak badminton czy inne gry. Doskona\u0142a lokalizacja pozwala cieszy\u0107 si\u0119 natur\u0105 i spokojem, w bliskiej odleg\u0142o\u015bci spacerem s\u0105 dost\u0119pne sklepy, restauracje oraz promenada.  <\/p>\n\n\n\n<div id=\"section-g256889\" class=\"wp-block-gutentor-e2 section-g256889 gutentor-element gutentor-element-button button-align-center-desktop\"><span class=\"gutentor-button-wrap\"><a class=\"gutentor-button gutentor-block-button gutentor-icon-hide\" href=\"https:\/\/slonecznybrzeggaski.pl\/index.php\/kontakt\/\"><i class=\"gutentor-button-icon fas fa-book\"><\/i><span>Zarezerwuj ju\u017c dzi\u015b!<\/span><\/a><\/span><\/div>\n\n\n\n<div style=\"height:49px\" aria-hidden=\"true\" class=\"wp-block-spacer\"><\/div>\n\n\n\n<figure class=\"wp-block-image alignwide size-large\"><img loading=\"lazy\" decoding=\"async\" width=\"769\" height=\"1024\" src=\"https:\/\/slonecznybrzeggaski.pl\/wp-content\/uploads\/2025\/07\/lipiec-3-769x1024.jpg\" alt=\"\" class=\"wp-image-400\" srcset=\"https:\/\/slonecznybrzeggaski.pl\/wp-content\/uploads\/2025\/07\/lipiec-3-769x1024.jpg 769w, https:\/\/slonecznybrzeggaski.pl\/wp-content\/uploads\/2025\/07\/lipiec-3-225x300.jpg 225w, https:\/\/slonecznybrzeggaski.pl\/wp-content\/uploads\/2025\/07\/lipiec-3-768x1023.jpg 768w, https:\/\/slonecznybrzeggaski.pl\/wp-content\/uploads\/2025\/07\/lipiec-3-1153x1536.jpg 1153w, https:\/\/slonecznybrzeggaski.pl\/wp-content\/uploads\/2025\/07\/lipiec-3-1538x2048.jpg 1538w, https:\/\/slonecznybrzeggaski.pl\/wp-content\/uploads\/2025\/07\/lipiec-3-scaled.jpg 1922w\" sizes=\"auto, (max-width: 769px) 100vw, 769px\" \/><\/figure>\n","protected":false},"excerpt":{"rendered":"<p>Poznaj nas! Nasze domki zlokalizowane s\u0105 w G\u0105skach &#8211; uroczej miejscowo\u015bci pomi\u0119dzy Mielnem a Ko\u0142obrzegiem. Dysponujemy dwoma w pe\u0142ni wyposa\u017conymi domkami. Ka\u017cdy z nich posiada aneks kuchenny, lod\u00f3wk\u0119, telewizor oraz \u0142azienk\u0119. W ogrodzie mo\u017cna swobodnie korzysta\u0107 z zestawu do grilla czy hu\u015btawki. Du\u017cy zielony ogr\u00f3d pozwala na aktywne sp\u0119dzanie czasu takie jak badminton czy inne [&hellip;]<\/p>\n","protected":false},"author":1,"featured_media":0,"parent":0,"menu_order":0,"comment_status":"closed","ping_status":"open","template":"","meta":{"footnotes":""},"class_list":["post-2","page","type-page","status-publish","hentry"],"_links":{"self":[{"href":"https:\/\/slonecznybrzeggaski.pl\/index.php\/wp-json\/wp\/v2\/pages\/2","targetHints":{"allow":["GET"]}}],"collection":[{"href":"https:\/\/slonecznybrzeggaski.pl\/index.php\/wp-json\/wp\/v2\/pages"}],"about":[{"href":"https:\/\/slonecznybrzeggaski.pl\/index.php\/wp-json\/wp\/v2\/types\/page"}],"author":[{"embeddable":true,"href":"https:\/\/slonecznybrzeggaski.pl\/index.php\/wp-json\/wp\/v2\/users\/1"}],"replies":[{"embeddable":true,"href":"https:\/\/slonecznybrzeggaski.pl\/index.php\/wp-json\/wp\/v2\/comments?post=2"}],"version-history":[{"count":18,"href":"https:\/\/slonecznybrzeggaski.pl\/index.php\/wp-json\/wp\/v2\/pages\/2\/revisions"}],"predecessor-version":[{"id":401,"href":"https:\/\/slonecznybrzeggaski.pl\/index.php\/wp-json\/wp\/v2\/pages\/2\/revisions\/401"}],"wp:attachment":[{"href":"https:\/\/slonecznybrzeggaski.pl\/index.php\/wp-json\/wp\/v2\/media?parent=2"}],"curies":[{"name":"wp","href":"https:\/\/api.w.org\/{rel}","templated":true}]}}